{"id":256,"date":"2026-03-04T23:11:56","date_gmt":"2026-03-04T23:11:56","guid":{"rendered":"http:\/\/www.aufmark.com.tr\/?page_id=256"},"modified":"2026-04-02T16:47:18","modified_gmt":"2026-04-02T13:47:18","slug":"satis-2","status":"publish","type":"page","link":"https:\/\/www.aufmark.com.tr\/?page_id=256","title":{"rendered":"3.SARF MALZEMELER"},"content":{"rendered":"\n<figure class=\"wp-block-image alignwide size-large wp-duotone-unset-1\"><img data-opt-id=1299173901  fetchpriority=\"high\" decoding=\"async\" width=\"724\" height=\"1024\" src=\"https:\/\/mlvqpq3tsftm.i.optimole.com\/cb:cqvF.b6a\/w:724\/h:1024\/q:mauto\/f:best\/http:\/\/www.aufmark.com.tr\/wp-content\/uploads\/2026\/03\/10.webp\" alt=\"\" class=\"wp-image-310\" srcset=\"https:\/\/mlvqpq3tsftm.i.optimole.com\/cb:cqvF.b6a\/w:724\/h:1024\/q:mauto\/f:best\/https:\/\/www.aufmark.com.tr\/wp-content\/uploads\/2026\/03\/10.webp 724w, https:\/\/mlvqpq3tsftm.i.optimole.com\/cb:cqvF.b6a\/w:212\/h:300\/q:mauto\/f:best\/https:\/\/www.aufmark.com.tr\/wp-content\/uploads\/2026\/03\/10.webp 212w, https:\/\/mlvqpq3tsftm.i.optimole.com\/cb:cqvF.b6a\/w:768\/h:1086\/q:mauto\/f:best\/https:\/\/www.aufmark.com.tr\/wp-content\/uploads\/2026\/03\/10.webp 768w, https:\/\/mlvqpq3tsftm.i.optimole.com\/cb:cqvF.b6a\/w:1086\/h:1536\/q:mauto\/f:best\/https:\/\/www.aufmark.com.tr\/wp-content\/uploads\/2026\/03\/10.webp 1086w, https:\/\/mlvqpq3tsftm.i.optimole.com\/cb:cqvF.b6a\/w:1357\/h:1920\/q:mauto\/f:best\/https:\/\/www.aufmark.com.tr\/wp-content\/uploads\/2026\/03\/10.webp 1357w, https:\/\/mlvqpq3tsftm.i.optimole.com\/cb:cqvF.b6a\/w:1357\/h:1920\/q:mauto\/f:best\/dpr:2\/https:\/\/www.aufmark.com.tr\/wp-content\/uploads\/2026\/03\/10.webp 2x\" sizes=\"(max-width: 724px) 100vw, 724px\" \/><\/figure>\n","protected":false},"excerpt":{"rendered":"","protected":false},"author":1,"featured_media":0,"parent":315,"menu_order":1,"comment_status":"closed","ping_status":"closed","template":"","meta":{"neve_meta_sidebar":"","neve_meta_container":"","neve_meta_enable_content_width":"","neve_meta_content_width":0,"neve_meta_title_alignment":"","neve_meta_author_avatar":"","neve_post_elements_order":"","neve_meta_disable_header":"","neve_meta_disable_footer":"","neve_meta_disable_title":"","footnotes":""},"class_list":["post-256","page","type-page","status-publish","hentry"],"yoast_head":"<!-- This site is optimized with the Yoast SEO plugin v27.3 - https:\/\/yoast.com\/product\/yoast-seo-wordpress\/ -->\n<title>3.SARF MALZEMELER - End\u00fcstriyel Markalama ve Kodlama \u00c7\u00f6z\u00fcmleri<\/title>\n<meta name=\"robots\" content=\"index, follow, max-snippet:-1, max-image-preview:large, max-video-preview:-1\" \/>\n<link rel=\"canonical\" href=\"https:\/\/www.aufmark.com.tr\/?page_id=256\" \/>\n<meta property=\"og:locale\" content=\"tr_TR\" \/>\n<meta property=\"og:type\" content=\"article\" \/>\n<meta property=\"og:title\" content=\"3.SARF MALZEMELER - End\u00fcstriyel Markalama ve Kodlama \u00c7\u00f6z\u00fcmleri\" \/>\n<meta property=\"og:url\" content=\"https:\/\/www.aufmark.com.tr\/?page_id=256\" \/>\n<meta property=\"og:site_name\" content=\"End\u00fcstriyel Markalama ve Kodlama \u00c7\u00f6z\u00fcmleri\" \/>\n<meta property=\"article:modified_time\" content=\"2026-04-02T13:47:18+00:00\" \/>\n<meta property=\"og:image\" content=\"https:\/\/mlvqpq3tsftm.i.optimole.com\/cb:cqvF.b6a\/w:724\/h:1024\/q:mauto\/f:best\/http:\/\/www.aufmark.com.tr\/wp-content\/uploads\/2026\/03\/10.webp\" \/>\n<meta name=\"twitter:card\" content=\"summary_large_image\" \/>\n<script type=\"application\/ld+json\" class=\"yoast-schema-graph\">{\"@context\":\"https:\\\/\\\/schema.org\",\"@graph\":[{\"@type\":\"WebPage\",\"@id\":\"https:\\\/\\\/www.aufmark.com.tr\\\/?page_id=256\",\"url\":\"https:\\\/\\\/www.aufmark.com.tr\\\/?page_id=256\",\"name\":\"3.SARF MALZEMELER - End\u00fcstriyel Markalama ve Kodlama \u00c7\u00f6z\u00fcmleri\",\"isPartOf\":{\"@id\":\"https:\\\/\\\/www.aufmark.com.tr\\\/#website\"},\"primaryImageOfPage\":{\"@id\":\"https:\\\/\\\/www.aufmark.com.tr\\\/?page_id=256#primaryimage\"},\"image\":{\"@id\":\"https:\\\/\\\/www.aufmark.com.tr\\\/?page_id=256#primaryimage\"},\"thumbnailUrl\":\"http:\\/\\/www.aufmark.com.tr\\/wp-content\\/uploads\\/2026\\/03\\/10-724x1024.webp\",\"datePublished\":\"2026-03-04T23:11:56+00:00\",\"dateModified\":\"2026-04-02T13:47:18+00:00\",\"breadcrumb\":{\"@id\":\"https:\\\/\\\/www.aufmark.com.tr\\\/?page_id=256#breadcrumb\"},\"inLanguage\":\"tr\",\"potentialAction\":[{\"@type\":\"ReadAction\",\"target\":[\"https:\\\/\\\/www.aufmark.com.tr\\\/?page_id=256\"]}]},{\"@type\":\"ImageObject\",\"inLanguage\":\"tr\",\"@id\":\"https:\\\/\\\/www.aufmark.com.tr\\\/?page_id=256#primaryimage\",\"url\":\"https:\\/\\/www.aufmark.com.tr\\/wp-content\\/uploads\\/2026\\/03\\/10.webp\",\"contentUrl\":\"https:\\/\\/www.aufmark.com.tr\\/wp-content\\/uploads\\/2026\\/03\\/10.webp\",\"width\":1357,\"height\":1920},{\"@type\":\"BreadcrumbList\",\"@id\":\"https:\\\/\\\/www.aufmark.com.tr\\\/?page_id=256#breadcrumb\",\"itemListElement\":[{\"@type\":\"ListItem\",\"position\":1,\"name\":\"Anasayfa\",\"item\":\"https:\\\/\\\/www.aufmark.com.tr\\\/\"},{\"@type\":\"ListItem\",\"position\":2,\"name\":\"H\u0130ZMET &amp; \u00dcR\u00dcNLER\",\"item\":\"https:\\\/\\\/www.aufmark.com.tr\\\/?page_id=356\"},{\"@type\":\"ListItem\",\"position\":3,\"name\":\"1.BAKIM ANLA\u015eMALARI\",\"item\":\"https:\\\/\\\/www.aufmark.com.tr\\\/?page_id=314\"},{\"@type\":\"ListItem\",\"position\":4,\"name\":\"2.YEDEK PAR\u00c7ALAR\",\"item\":\"https:\\\/\\\/www.aufmark.com.tr\\\/?page_id=315\"},{\"@type\":\"ListItem\",\"position\":5,\"name\":\"3.SARF MALZEMELER\"}]},{\"@type\":\"WebSite\",\"@id\":\"https:\\\/\\\/www.aufmark.com.tr\\\/#website\",\"url\":\"https:\\\/\\\/www.aufmark.com.tr\\\/\",\"name\":\"Aufmark\",\"description\":\"One stop solution partner\",\"publisher\":{\"@id\":\"https:\\\/\\\/www.aufmark.com.tr\\\/#organization\"},\"potentialAction\":[{\"@type\":\"SearchAction\",\"target\":{\"@type\":\"EntryPoint\",\"urlTemplate\":\"https:\\\/\\\/www.aufmark.com.tr\\\/?s={search_term_string}\"},\"query-input\":{\"@type\":\"PropertyValueSpecification\",\"valueRequired\":true,\"valueName\":\"search_term_string\"}}],\"inLanguage\":\"tr\"},{\"@type\":\"Organization\",\"@id\":\"https:\\\/\\\/www.aufmark.com.tr\\\/#organization\",\"name\":\"Aufmark End\u00fcstriyel \u00c7\u00f6z\u00fcmler\",\"url\":\"https:\\\/\\\/www.aufmark.com.tr\\\/\",\"logo\":{\"@type\":\"ImageObject\",\"inLanguage\":\"tr\",\"@id\":\"https:\\\/\\\/www.aufmark.com.tr\\\/#\\\/schema\\\/logo\\\/image\\\/\",\"url\":\"https:\\/\\/www.aufmark.com.tr\\/wp-content\\/uploads\\/2026\\/02\\/logo-scaled.png\",\"contentUrl\":\"https:\\/\\/www.aufmark.com.tr\\/wp-content\\/uploads\\/2026\\/02\\/logo-scaled.png\",\"width\":2560,\"height\":1440,\"caption\":\"Aufmark End\u00fcstriyel \u00c7\u00f6z\u00fcmler\"},\"image\":{\"@id\":\"https:\\\/\\\/www.aufmark.com.tr\\\/#\\\/schema\\\/logo\\\/image\\\/\"},\"sameAs\":[\"https:\\\/\\\/www.linkedin.com\\\/in\\\/isaugurfidanci3149\\\/?locale=en-US\"]}]}<\/script>\n<!-- \/ Yoast SEO plugin. -->","yoast_head_json":{"title":"3.SARF MALZEMELER - End\u00fcstriyel Markalama ve Kodlama \u00c7\u00f6z\u00fcmleri","robots":{"index":"index","follow":"follow","max-snippet":"max-snippet:-1","max-image-preview":"max-image-preview:large","max-video-preview":"max-video-preview:-1"},"canonical":"https:\/\/www.aufmark.com.tr\/?page_id=256","og_locale":"tr_TR","og_type":"article","og_title":"3.SARF MALZEMELER - End\u00fcstriyel Markalama ve Kodlama \u00c7\u00f6z\u00fcmleri","og_url":"https:\/\/www.aufmark.com.tr\/?page_id=256","og_site_name":"End\u00fcstriyel Markalama ve Kodlama \u00c7\u00f6z\u00fcmleri","article_modified_time":"2026-04-02T13:47:18+00:00","og_image":[{"url":"https:\/\/mlvqpq3tsftm.i.optimole.com\/cb:cqvF.b6a\/w:724\/h:1024\/q:mauto\/f:best\/http:\/\/www.aufmark.com.tr\/wp-content\/uploads\/2026\/03\/10.webp","type":"","width":"","height":""}],"twitter_card":"summary_large_image","schema":{"@context":"https:\/\/schema.org","@graph":[{"@type":"WebPage","@id":"https:\/\/www.aufmark.com.tr\/?page_id=256","url":"https:\/\/www.aufmark.com.tr\/?page_id=256","name":"3.SARF MALZEMELER - End\u00fcstriyel Markalama ve Kodlama \u00c7\u00f6z\u00fcmleri","isPartOf":{"@id":"https:\/\/www.aufmark.com.tr\/#website"},"primaryImageOfPage":{"@id":"https:\/\/www.aufmark.com.tr\/?page_id=256#primaryimage"},"image":{"@id":"https:\/\/www.aufmark.com.tr\/?page_id=256#primaryimage"},"thumbnailUrl":"https:\/\/mlvqpq3tsftm.i.optimole.com\/cb:cqvF.b6a\/w:724\/h:1024\/q:mauto\/f:best\/http:\/\/www.aufmark.com.tr\/wp-content\/uploads\/2026\/03\/10.webp","datePublished":"2026-03-04T23:11:56+00:00","dateModified":"2026-04-02T13:47:18+00:00","breadcrumb":{"@id":"https:\/\/www.aufmark.com.tr\/?page_id=256#breadcrumb"},"inLanguage":"tr","potentialAction":[{"@type":"ReadAction","target":["https:\/\/www.aufmark.com.tr\/?page_id=256"]}]},{"@type":"ImageObject","inLanguage":"tr","@id":"https:\/\/www.aufmark.com.tr\/?page_id=256#primaryimage","url":"https:\/\/mlvqpq3tsftm.i.optimole.com\/cb:cqvF.b6a\/w:auto\/h:auto\/q:mauto\/f:best\/https:\/\/www.aufmark.com.tr\/wp-content\/uploads\/2026\/03\/10.webp","contentUrl":"https:\/\/mlvqpq3tsftm.i.optimole.com\/cb:cqvF.b6a\/w:auto\/h:auto\/q:mauto\/f:best\/https:\/\/www.aufmark.com.tr\/wp-content\/uploads\/2026\/03\/10.webp","width":1357,"height":1920},{"@type":"BreadcrumbList","@id":"https:\/\/www.aufmark.com.tr\/?page_id=256#breadcrumb","itemListElement":[{"@type":"ListItem","position":1,"name":"Anasayfa","item":"https:\/\/www.aufmark.com.tr\/"},{"@type":"ListItem","position":2,"name":"H\u0130ZMET &amp; \u00dcR\u00dcNLER","item":"https:\/\/www.aufmark.com.tr\/?page_id=356"},{"@type":"ListItem","position":3,"name":"1.BAKIM ANLA\u015eMALARI","item":"https:\/\/www.aufmark.com.tr\/?page_id=314"},{"@type":"ListItem","position":4,"name":"2.YEDEK PAR\u00c7ALAR","item":"https:\/\/www.aufmark.com.tr\/?page_id=315"},{"@type":"ListItem","position":5,"name":"3.SARF MALZEMELER"}]},{"@type":"WebSite","@id":"https:\/\/www.aufmark.com.tr\/#website","url":"https:\/\/www.aufmark.com.tr\/","name":"Aufmark","description":"One stop solution partner","publisher":{"@id":"https:\/\/www.aufmark.com.tr\/#organization"},"potentialAction":[{"@type":"SearchAction","target":{"@type":"EntryPoint","urlTemplate":"https:\/\/www.aufmark.com.tr\/?s={search_term_string}"},"query-input":{"@type":"PropertyValueSpecification","valueRequired":true,"valueName":"search_term_string"}}],"inLanguage":"tr"},{"@type":"Organization","@id":"https:\/\/www.aufmark.com.tr\/#organization","name":"Aufmark End\u00fcstriyel \u00c7\u00f6z\u00fcmler","url":"https:\/\/www.aufmark.com.tr\/","logo":{"@type":"ImageObject","inLanguage":"tr","@id":"https:\/\/www.aufmark.com.tr\/#\/schema\/logo\/image\/","url":"https:\/\/mlvqpq3tsftm.i.optimole.com\/cb:cqvF.b6a\/w:auto\/h:auto\/q:mauto\/f:best\/https:\/\/www.aufmark.com.tr\/wp-content\/uploads\/2026\/02\/logo-scaled.png","contentUrl":"https:\/\/mlvqpq3tsftm.i.optimole.com\/cb:cqvF.b6a\/w:auto\/h:auto\/q:mauto\/f:best\/https:\/\/www.aufmark.com.tr\/wp-content\/uploads\/2026\/02\/logo-scaled.png","width":2560,"height":1440,"caption":"Aufmark End\u00fcstriyel \u00c7\u00f6z\u00fcmler"},"image":{"@id":"https:\/\/www.aufmark.com.tr\/#\/schema\/logo\/image\/"},"sameAs":["https:\/\/www.linkedin.com\/in\/isaugurfidanci3149\/?locale=en-US"]}]}},"_links":{"self":[{"href":"https:\/\/www.aufmark.com.tr\/index.php?rest_route=\/wp\/v2\/pages\/256","targetHints":{"allow":["GET"]}}],"collection":[{"href":"https:\/\/www.aufmark.com.tr\/index.php?rest_route=\/wp\/v2\/pages"}],"about":[{"href":"https:\/\/www.aufmark.com.tr\/index.php?rest_route=\/wp\/v2\/types\/page"}],"author":[{"embeddable":true,"href":"https:\/\/www.aufmark.com.tr\/index.php?rest_route=\/wp\/v2\/users\/1"}],"replies":[{"embeddable":true,"href":"https:\/\/www.aufmark.com.tr\/index.php?rest_route=%2Fwp%2Fv2%2Fcomments&post=256"}],"version-history":[{"count":4,"href":"https:\/\/www.aufmark.com.tr\/index.php?rest_route=\/wp\/v2\/pages\/256\/revisions"}],"predecessor-version":[{"id":344,"href":"https:\/\/www.aufmark.com.tr\/index.php?rest_route=\/wp\/v2\/pages\/256\/revisions\/344"}],"up":[{"embeddable":true,"href":"https:\/\/www.aufmark.com.tr\/index.php?rest_route=\/wp\/v2\/pages\/315"}],"wp:attachment":[{"href":"https:\/\/www.aufmark.com.tr\/index.php?rest_route=%2Fwp%2Fv2%2Fmedia&parent=256"}],"curies":[{"name":"wp","href":"https:\/\/api.w.org\/{rel}","templated":true}]}}